ve of u**4/4 + 8*u**3/3 + 14*u**2. Let o(w) = 8*a(w) - 5*k(w). What is o(-6)?
-4
Let u(m) be the third derivative of -m**5/60 - m**4/4 + m**3/6 + 2*m**2 + 5*m. Calculate u(-6).
1
Let m(b) = -b**2 + 2*b - 1. Let u be 15 + 6/24*-4 + -4. Suppose 9 + 5 = 2*i. Suppose 0 = -i*c + 2*c + u. Determine m(c).
-1
Let i be 35/(-105)*15/(-1). Let g(m) be the second derivative of 0*m**3 - 1/20*m**i - m + 1/2*m**2 + 1/6*m**4 + 0. Give g(3).
-8
Let s(d) = d**2 + 5*d - 4. Let u be s(-6). Suppose 0 = -2*x - u + 4. Let p(w) = w - 1 + 5*w**2 - 2*w**2 + 0*w + 0*w**2. Give p(x).
3
Suppose x - 6 - 60 = 0. Let u = x + -46. Suppose 3*y + y - u = 0. Let n(d) = -d**2 + 3*d - 2. Determine n(y).
-12
Let d(n) = n**2 + 4*n + 5. Let c = 73 + -114. Let r = c + 36. Give d(r).
10
Let h(z) = -882*z + 434*z + 440*z. What is h(-1)?
8
Let z(l) = -l**3 + 3*l**2 + 3*l + 5. Suppose 43*g - 229 = -57. Give z(g).
1
Let l(w) = w + 1. Let a(c) = -4*c - 5. Let d be a(-3). Suppose 310 = d*h - 2*h. Let v be (-2)/(-10) + h/(-10). Determine l(v).
-5
Suppose 3*h + 3*j - 25 = -7, j + 21 = 2*h. Suppose -3 - h = -12*w. Let r(o) = 17*o**2. Determine r(w).
17
Let h(s) = 3*s**2 - 4. Let c(x) be the second derivative of -x**4/12 + 8*x - 3. Let i(p) = -2*c(p) - h(p). Determine i(4).
-12
Suppose -4*f = 2*t + 44, -5*f - 72 = -f - 5*t. Let b(u) = -u**2 - 17*u - 50. What is b(f)?
2
Let c(w) be the first derivative of w**2 - 6*w + 1. Suppose 100 = 5*u + 5*i, 12 = u + 5*i - 6*i. Suppose -2*v + 3*a = 2*a - 4, -v + 5*a - u = 0. Determine c(v).
2
Let j = -14 - -9. Let x be -4*4/(-32)*4. Let a(p) = -p + 2*p + 1 - x*p. Determine a(j).
6
Let i(g) be the second derivative of g**3/6 + 5*g**2/2 + g. Let c = 3 + -21. Let m be 12*3/c*3. Determine i(m).
-1
Let b(j) = 11*j + 19. Let w = 91 - 100. Let i(l) = -5*l - 10. Let m(u) = w*i(u) - 4*b(u). Determine m(-11).
3
Let n(o) = 0 - o + 1 + 7*o + 2 - 7*o. Determine n(7).
-4
Let c be 2 + (4 - 10)*1. Let p(z) = -1 - z + 3*z**2 - 3 + z**3 + z**2 - 4*z. Give p(c).
16
Let m(u) = 13*u + 2. Let t be ((-2)/(-3))/((-885)/(-45) + -19). Determine m(t).
15
Let x = -453 - -448. Let q(w) = w**3 + 5*w**2 - 3*w - 2. Determine q(x).
13
Suppose -11*d = -15*d + 4. Let l be (-1)/(-3)*d/(-2)*6. Let i(q) be the first derivative of 13*q**4/4 + q**3/3 + q**2/2 + q + 1. Calculate i(l).
-12
Let r(u) be the second derivative of 14*u + 3*u**2 + 0 - u**3 + 1/6*u**4. Give r(4).
14
Suppose 12 = 3*b + d, -4*b - 4*d = b - 20. Let w(y) = 5 - b - 8*y - y**2 - 3. Determine w(-7).
5
Let y(g) = -308*g + 149*g - 4 + 156*g. Determine y(-5).
11
Let w(s) = 3*s. Let n(a) = 2*a**2 - 7*a + 4. Let h be n(4). Suppose 12 = -5*l - h. Calculate w(l).
-12
Let h(b) = -b - 1. Let p be h(-6). Let v(g) = -2*g - 9*g + p*g**2 + 9*g + 3. Give v(2).
19
Let l(u) = -6*u**2. Let d(q) = 29*q**2 + 3*q - 10. Let n(t) = -d(t) - 5*l(t). Determine n(7).
38
Suppose 0*v = 4*v. Let n(x) = 5*x + 0*x + 0*x - 1226 - 4*x + 1222. Give n(v).
-4
Let z(c) = -39*c**2 + 2*c - 5. Let g(n) = 37*n**2 - 2*n + 4. Let f(u) = -4*g(u) - 3*z(u). What is f(1)?
-30
Let v(k) = 19*k**2 + 5*k + 4. Let q(a) = -30*a**2 - 9*a - 6. Let g(y) = -7*q(y) - 11*v(y). Let p = -12 + 6. Determine g(p).
-14
Let k(q) be the second derivative of -3/2*q**2 - q + 1/6*q**3 + 0 + 5/24*q**4. Let l(m) be the first derivative of k(m). Give l(-2).
-9
Let s(n) = -n**3 - 5*n**2 - 2*n - 5. Suppose -4*h + 3*g = 1, 3*h - h - 10 = -2*g. Suppose -4*o = -v - 36, 0*o + h*o - v = 20. Suppose -o - 7 = 3*z. Give s(z).
5
Let k(l) = -11*l**3 - 16*l**2 - 5*l - 64. Let f(b) = -7*b**3 - 10*b**2 - 3*b - 43. Let x(n) = -8*f(n) + 5*k(n). Determine x(0).
24
Let b(a) = 6*a - 20. Let r be b(4). Let n(t) = -12*t - 3*t + 23*t - r - 7*t. Give n(2).
-2
Let u(o) = -7*o**3 + 10*o**2 + 16*o - 16. Let s(i) = 6*i**3 - 9*i**2 - 14*i + 14. Let c(p) = -6*s(p) - 5*u(p). What is c(5)?
-9
Let d(v) = 315 + 340 - 654 - v - v**2. Let l(n) = n**3 - 6*n**2 + 3. Let s be l(6). What is d(s)?
-11
Let f(j) be the second derivative of -2*j**3/3 + 2*j**2 + 27*j. Let b(l) = -3*l + 4. Let r(s) = 5*b(s) - 4*f(s). Determine r(6).
10
Let r(d) be the third derivative of d**4/12 - 5*d**3/2 - 113*d**2. Calculate r(8).
1
Let l(p) = 3 - p**2 - p**3 - 3 - 7 - 26*p**2. Determine l(-27).
-7
Let n(y) = -y - 4. Let b(t) = -t + 6. Suppose 24 = 9*p - 6*p. Let f be b(p). Let w be (-1)/(f*3/(-30)). What is n(w)?
1
Let h(a) be the first derivative of a**4/4 + 4*a**3/3 - 5*a**2/2 - 6*a + 393. Suppose x + 2*x = -12. Give h(x).
14
Suppose -8848*o = -8858*o - 10. Suppose 3*h + 3*p + 3 = 0, p = -h - 3*h + 8. Let a(v) = -2*v**3 - 5*v**3 + 1 + 0*v**h. Calculate a(o).
8
Suppose -3*c - 2 - 1 = 0. Let m(y) be the first derivative of -3*y**2 - y + 83. Calculate m(c).
5
Let r(p) = p + 6. Let v(x) = -x**3 + 3*x + 0*x + 48*x**2 - 47*x**2 - 2. Let d be v(2). Calculate r(d).
6
Suppose -2*v + 0*v = -48. Let k be ((-1)/2)/(2/v). Let p(a) = a**2 + 8*a + 7. Determine p(k).
-5
Let r(t) = -17 - 2*t + 2 - t**2 + 9 + 2. Give r(0).
-4
Let u(n) be the second derivative of n**5/20 + 5*n**4/6 + 7*n**3/6 - 11*n**2 - 2*n + 16. Determine u(-9).
-4
Suppose -4*x - d = -109, 3*x - 68 = -d + 3*d. Let v(l) = -9*l - 9*l + x*l - 11*l. Calculate v(-4).
12
Let h be (4 + -3)/(2/(-6)). Suppose 4*y + 3*a = 27, -y + 2*a = 4*a - 13. Let t(n) = -6 + n**3 - 2*n**y - 4*n**2 + 3 + 6. Determine t(h).
-6
Let g(s) = -2*s**2 - 7*s - 58. Let q(j) = j**2 + 4*j + 29. Let a(z) = 4*g(z) + 7*q(z). Determine a(0).
-29
Let u(b) = 3*b**2 - 11*b + 2. Let w be u(3). Let a(c) = -7*c - 2. Let r(f) = -6*f - 3. Let j(k) = -5*a(k) + 6*r(k). Calculate j(w).
-4
Let a(d) = -2*d + 164246 - 164243 - 2*d + 0*d. Let t(v) = -3*v - 2. Let i be t(-2). Calculate a(i).
-13
Let i(h) be the first derivative of h**4/4 - h**3/3 - h**2/2 - 2*h - 17. Give i(-2).
-12
Let v(d) be the second derivative of d**5/20 - 5*d**4/6 + 5*d**3/3 + d**2 + 3*d. Suppose 9 = -28*u + 29*u. Give v(u).
11
Let a(h) = -h**2 - 15*h + 8. Let f = -525 - -514. Calculate a(f).
52
Let q(k) = k - 5. Suppose -57 = 5*t - 157. Suppose w = 4*m - 6, -4*m = -4*w + m + t. Calculate q(w).
5
Let i(q) = q + 1. Let n(c) = -c + 1. Let t = 21 + -22. Let p be 0 + -4 + 1 + t. Let o be n(p). Give i(o).
6
Suppose -65 = -5*m - 0*m. Suppose -m + 3 = -2*l. Suppose x = l*x + 12. Let r(z) = z**3 + z**2 - 2*z. Calculate r(x).
-12
Let a(v) = -135*v**2 + 262*v**2 - 1 + 0 - 126*v**2. Suppose 3*s - 1 = -4. Calculate a(s).
0
Let c be -1*-1*(-3 + 14). Let x(h) = c - 2*h - h - 13. Let i(f) = f + 1. Let w(p) = 2*i(p) + x(p). Determine w(2).
-2
Let c(h) = 3*h - 1. Suppose -14 = 6*p - 44. Determine c(p).
14
Suppose 2*h - 2*a = 0, 12 = h - 29*a + 31*a. Let d(k) = -k**3 + 4*k**2 - 3*k. Give d(h).
-12
Let q(u) = u. Suppose -45 + 149 = 4*l. Suppose -2*y + 14 + l = 0. Let a = -25 + y. Give q(a).
-5
Let c(m) = -3*m**3 - 3*m**2 - 3*m - 3. Let n = 25 - 40. Let v = n - -12. Let u = -5 - v. Give c(u).
15
Suppose 4*w + 16 = 0, 3*h - 3*w - 14 = -w. Suppose -r + 4 = h. Let q(z) = 5 - 4 - 12*z + 18*z + z**r. Determine q(-4).
-7
Let b(j) = 3*j + 4. Suppose 0 = 584*n - 578*n - 18. Calculate b(n).
13
Let t(n) = -n**2 + 8*n - 9. Let f(r) = -8*r**3 - 2*r**2 + 2. Let g be ((-6)/(-36))/((-3)/18). Let p be f(g). What is t(p)?
-9
Let u = -33 - -36. Suppose -30 = u*r - 18. Let b(m) = m + 6. Determine b(r).
2
Let v(z) be the second derivative of 3*z + 0 - 1/6*z**3 - 3/8*z**4 + 3/2*z**2. Let s(l) be the first derivative of v(l). Give s(-1).
8
Suppose -2*k = -3*d + 7, 0 = -0*k - k - 4*d + 24. Let n = k - -3. Let g(y) = -y + 1. Calculate g(n).
-6
Let q be (-10)/5 - (-42)/2. Let v = -16 + q. Suppose -4*t = -2*t + k - 13, -v*t - 2*k = -22. Let w(a) = -a + 1. Determine w(t).
-3
Let a be (-6)/(8/(-20)*5). Let z(g) be the third derivative of 1/60*g**5 + 1/4*g**4 + 0*g - 5*g**2 - 1/6*g**a + 0. Calculate z(-6).
-1
Let g(j) be the first derivative of -j**4/4 + 5*j**3/3 - j**2/2 - 2*j - 201. Calculate g(5).
-7
Let u(x) be the third derivative of -9*x**2 + 0*x - 1/8*x**4 + 0 + 0*x**3. Determine u(-6).
18
Suppose 5*x = -g + 16, 3*x + 1 - 7 = 0. Suppose 4*k + 2 = g. Let i(b) = -9*b + 9 - 5*b**2 - 2 - k + b**3. Determine i(6).
-12
Let v(f) = f**3 - 8*f - 7. Let m(o) = 2*o**3 - 15*o - 13. Let w(j) = 6*m(j) - 11*v(j). Calculate w(2).
3
Suppose j = 5*q - 3 + 2, 2*q = 3*j + 3. Let f(i) be the third derivative of -i**6/120 - i**5/60 + i**4/24 - i*